1.
86
Calculate the remainder when 944882 is divided by 4947.
5
What is the remainder when 1822333 is divided by 108?
49
Calculate the remainder when 897459 is divided by 3756.
3531
Calculate the remainder when 2825354 is divided by 201811.
0
Calculate the remainder when 2653742 is divided by 7828.
50
Calculate the remainder when 946278 is divided by 373.
350
What is the remainder when 28473881 is divided by 534?
467
What is the remainder when 134449576 is divided by 54?
52
What is the remainder when 93670 is divided by 46032?
1606
Calculate the remainder when 335878 is divided by 2815.
893
Calculate the remainder when 1201907 is divided by 171692.
63
What is the remainder when 472473 is divided by 67435?
428
Calculate the remainder when 14400555 is divided by 131.
118
What is the remainder when 5192207 is divided by 1997?
7
What is the remainder when 14606029 is divided by 12?
1
Calculate the remainder when 1942662 is divided by 53962.
30
What is the remainder when 692908 is divided by 918?
736
Calculate the remainder when 34671144 is divided by 34671140.
4
Calculate the remainder when 2276223 is divided by 38580.
3
Calculate the remainder when 49900 is divided by 775.
300
Calculate the remainder when 44500826 is divided by 329635.
101
What is the remainder when 168692 is divided by 80217?
8258
What is the remainder when 55461 is divided by 160?
101
What is the remainder when 1815240 is divided by 2564?
2492
Calculate the remainder when 200454102 is divided by 8.
6
What is the remainder when 1581389 is divided by 2649?
2585
What is the remainder when 257027 is divided by 32122?
51
What is the remainder when 4916830 is divided by 549?
535
What is the remainder when 124078867 is divided by 4880?
4867
What is the remainder when 2041276 is divided by 2867?
2839
Calculate the remainder when 12121690 is divided by 786.
784
What is the remainder when 238845760 is divided by 550?
10
Calculate the remainder when 2193509 is divided by 1445.
1444
What is the remainder when 1551909 is divided by 174?
3
Calculate the remainder when 6921365 is divided by 6921265.
100
Calculate the remainder when 124870 is divided by 14761.
6782
Calculate the remainder when 142452449 is divided by 121.
117
Calculate the remainder when 2181686 is divided by 87.
74
What is the remainder when 1451488 is divided by 814?
126
What is the remainder when 84619 is divided by 6357?
1978
Calculate the remainder when 29904922 is divided by 4272131.
5
What is the remainder when 54926 is divided by 27340?
246
Calculate the remainder when 12124900 is divided by 2729.
2682
Calculate the remainder when 1183632 is divided by 1386.
1374
Calculate the remainder when 4070176 is divided by 25.
1
What is the remainder when 97759818 is divided by 610?
608
Calculate the remainder when 808834 is divided by 9105.
7594
Calculate the remainder when 244219 is divided by 243084.
1135
What is the remainder when 1817714 is divided by 1126?
350
What is the remainder when 28631 is divided by 3983?
750
Calculate the remainder when 9049804 is divided by 41.
38
What is the remainder when 41811 is divided by 1983?
168
Calculate the remainder when 653476 is divided by 14.
12
Calculate the remainder when 1370457 is divided by 114196.
105
What is the remainder when 33132 is divided by 209?
110
Calculate the remainder when 615916 is divided by 47375.
41
Calculate the remainder when 425754 is divided by 136.
74
Calculate the remainder when 1775149 is divided by 10.
9
What is the remainder when 511843 is divided by 496?
467
Calculate the remainder when 206537 is divided by 108.
41
What is the remainder when 131190 is divided by 26142?
480
Calculate the remainder when 10480523 is divided by 1356.
1355
What is the remainder when 3292756 is divided by 102?
94
What is the remainder when 111521 is divided by 1226?
1181
What is the remainder when 694314 is divided by 27?
9
What is the remainder when 462544 is divided by 5544?
2392
What is the remainder when 253592 is divided by 8?
0
Calculate the remainder when 1043065 is divided by 6598.
581
What is the remainder when 45131 is divided by 3?
2
What is the remainder when 26862367 is divided by 481?
441
Calculate the remainder when 3131731 is divided by 13270.
11
What is the remainder when 2051152 is divided by 169?
168
Calculate the remainder when 449828 is divided by 81.
35
What is the remainder when 9161276 is divided by 246?
236
Calculate the remainder when 91361586 is divided by 932261.
8
Calculate the remainder when 11469197 is divided by 218.
217
What is the remainder when 1192242 is divided by 724?
538
What is the remainder when 8108524 is divided by 281?
269
What is the remainder when 269217 is divided by 1547?
39
Calculate the remainder when 7705371 is divided by 1034.
3
What is the remainder when 657489 is divided by 12?
9
What is the remainder when 9560888 is divided by 682914?
92
What is the remainder when 333019 is divided by 2759?
1939
What is the remainder when 36183 is divided by 284?
115
Calculate the remainder when 831082 is divided by 41553.
22
Calculate the remainder when 3831587 is divided by 3113.
2597
Calculate the remainder when 848106 is divided by 197.
21
What is the remainder when 675664 is divided by 4359?
19
What is the remainder when 4979 is divided by 747?
497
What is the remainder when 396237 is divided by 2?
1
What is the remainder when 23240800 is divided by 6046?
6022
What is the remainder when 2024589 is divided by 261?
12
What is the remainder when 2142826 is divided by 6781?
30
Calculate the remainder when 345681 is divided by 165.
6
Calculate the remainder when 64338 is divided by 537.
435
Calculate the remainder when 2315407 is divided by 1188.
1183
What is the remainder when 981211 is divided by 386?
385
Calculate the remainder when 50850627 is divided by 1161.
1149
What is the remainder when 245195 is divided by 10071?
3491
Calculate the remainder when 96819 is divided by 32225.
144
Calculate the remainder when 28301 is divided by 10.
1
What is the remainder when 731620 is divided by 588?
148
Calculate the remainder when 2495802 is divided by 192.
186
What is the remainder when 136474 is divided by 13635?
124
Calculate the remainder when 67474 is divided by 15314.
6218
What is the remainder when 42565313 is divided by 1298?
1297
What is the remainder when 470215 is divided by 1152?
199
Calculate the remainder when 28199487 is divided by 862.
19
What is the remainder when 28126033 is divided by 9375342?
7
What is the remainder when 3263629 is divided by 159?
154
Calculate the remainder when 10729228 is divided by 7096.
76
Calculate the remainder when 6267 is divided by 4333.
1934
What is the remainder when 463658 is divided by 2428?
2338
What is the remainder when 19274525 is divided by 1370?
1365
What is the remainder when 631132 is divided by 689?
8
Calculate the remainder when 9208928 is divided by 12667.
19
What is the remainder when 107098 is divided by 200?
98
What is the remainder when 67908349 is divided by 796?
793
What is the remainder when 701100 is divided by 464?
460
Calculate the remainder when 1402529 is divided by 53.
43
What is the remainder when 65716854 is divided by 80?
54
What is the remainder when 627936 is divided by 4129?
328
Calculate the remainder when 5436459 is divided by 90.
9
What is the remainder when 664764 is divided by 27692?
156
What is the remainder when 2492329 is divided by 97?
11
Calculate the remainder when 1999079 is divided by 557.
6
Calculate the remainder when 22284234 is divided by 974.
88
What is the remainder when 1241904 is divided by 155160?
624
Calculate the remainder when 11275934 is divided by 165.
164
What is the remainder when 556647602 is divided by 1661?
1655
What is the remainder when 743454 is divided by 9674?
8230
Calculate the remainder when 259279 is divided by 23557.
152
Calculate the remainder when 1627626 is divided by 4710.
2676
Calculate the remainder when 1481977 is divided by 487.
36
Calculate the remainder when 18966587 is divided by 45813.
5
What is the remainder when 10392026 is divided by 546947?
33
Calculate the remainder when 517563 is divided by 124.
111
What is the remainder when 29380 is divided by 709?
311
What is the remainder when 265554174 is divided